{"id":229,"date":"2025-08-11T18:35:49","date_gmt":"2025-08-11T18:35:49","guid":{"rendered":"https:\/\/www.hidroforpompasi.com\/index.php\/urun\/nema-7\/"},"modified":"2025-08-18T18:14:52","modified_gmt":"2025-08-18T18:14:52","slug":"nema-7","status":"publish","type":"product","link":"https:\/\/www.hidroforpompasi.com\/index.php\/urun\/nema-7\/","title":{"rendered":"Nema 2000 Litre 16 Bar Genle\u015fme Tank\u0131"},"content":{"rendered":"","protected":false},"excerpt":{"rendered":"<p>Is\u0131tma ve so\u011futma sistemlerinde genle\u015fme tank\u0131 olarak ve ayr\u0131ca hidrofor sistemlerinde denge tank\u0131 olarak kullan\u0131lan \u00fcr\u00fcnlerdir.<\/p>\n","protected":false},"featured_media":225,"comment_status":"open","ping_status":"closed","template":"","meta":[],"product_brand":[],"product_cat":[26],"product_tag":[],"class_list":{"0":"post-229","1":"product","2":"type-product","3":"status-publish","4":"has-post-thumbnail","6":"product_cat-nema","8":"first","9":"instock","10":"shipping-taxable","11":"product-type-external"},"_links":{"self":[{"href":"https:\/\/www.hidroforpompasi.com\/index.php\/wp-json\/wp\/v2\/product\/229","targetHints":{"allow":["GET"]}}],"collection":[{"href":"https:\/\/www.hidroforpompasi.com\/index.php\/wp-json\/wp\/v2\/product"}],"about":[{"href":"https:\/\/www.hidroforpompasi.com\/index.php\/wp-json\/wp\/v2\/types\/product"}],"replies":[{"embeddable":true,"href":"https:\/\/www.hidroforpompasi.com\/index.php\/wp-json\/wp\/v2\/comments?post=229"}],"wp:featuredmedia":[{"embeddable":true,"href":"https:\/\/www.hidroforpompasi.com\/index.php\/wp-json\/wp\/v2\/media\/225"}],"wp:attachment":[{"href":"https:\/\/www.hidroforpompasi.com\/index.php\/wp-json\/wp\/v2\/media?parent=229"}],"wp:term":[{"taxonomy":"product_brand","embeddable":true,"href":"https:\/\/www.hidroforpompasi.com\/index.php\/wp-json\/wp\/v2\/product_brand?post=229"},{"taxonomy":"product_cat","embeddable":true,"href":"https:\/\/www.hidroforpompasi.com\/index.php\/wp-json\/wp\/v2\/product_cat?post=229"},{"taxonomy":"product_tag","embeddable":true,"href":"https:\/\/www.hidroforpompasi.com\/index.php\/wp-json\/wp\/v2\/product_tag?post=229"}],"curies":[{"name":"wp","href":"https:\/\/api.w.org\/{rel}","templated":true}]}}